 361 = 6*k - 221. Calculate the remainder when k is divided by 9.
7
Suppose 0 = 2*r - 3*r + 47. Suppose 0 = -y + 2 + r. Calculate the remainder when y is divided by 17.
15
Let i = 20 + 5. Calculate the remainder when 64 is divided by i - -6*(-2)/4.
20
Let u(k) = 6*k**2 + 4*k - 2. Let z(b) = -7*b**2 - 5*b + 2. Let h(g) = 3*u(g) + 2*z(g). What is the remainder when (-2)/(1*1/(-14)) is divided by h(-2)?
8
Let u(z) = z**2 - 2*z + 8. Let w(h) = h. Let g(b) = u(b) + 3*w(b). Calculate the remainder when g(-6) is divided by 10.
8
Let w = 46 + -24. Suppose -2*a = -a - 8. What is the remainder when w is divided by a?
6
Suppose 2*n - 2 = 16. Calculate the remainder when n is divided by 3.
0
Let j(w) = -2*w**3 + 7*w**2 - 5*w. Let s be j(4). Let h = s - -92. Suppose 41 = 2*n + 3*g, -3*g + 0*g + 22 = n. Calculate the remainder when h is divided by n.
18
Let l(h) = h**2 - 5*h - 8. Let f be l(6). Let g be 2/(-6) + (-222)/(-18). Let a = g + f. Calculate the remainder when 19 is divided by a.
9
Let l = 120 + -17. Let t = 66 - 40. Calculate the remainder when l is divided by t.
25
Calculate the remainder when 36 is divided by (15/4)/((-3)/(-8)).
6
What is the remainder when (-596)/(-10) - (-10)/25 is divided by 16?
12
Suppose 2*a - 149 = -5*w - 0*a, w - 2*a - 37 = 0. Suppose 4*b + 8 = 0, 5*f = -0*b + 3*b + 91. What is the remainder when w is divided by f?
14
Let c be ((-1)/3)/((-2)/(-6)). Let n(a) be the second derivative of -a**5/4 + a**2/2 + a. Calculate the remainder when 21 is divided by n(c).
3
Let h(m) = -m**3 - 7*m**2 - 7*m - 7. Let t be h(-6). Calculate the remainder when 5 is divided by (8/(-12))/(t/3).
1
Let r = -87 + 102. Calculate the remainder when 71 is divided by r.
11
Let d = 44 + 2. Suppose 5*k = d + 24. Calculate the remainder when 27 is divided by k.
13
Let h(x) = -x**3 + x**2 + 1. Let p be h(0). Calculate the remainder when 32 is divided by 20/p - 24/8.
15
Let v(j) = j**2 + 4*j. Let m(l) = -3*l + 3. Let t be m(4). What is the remainder when v(t) is divided by 16?
13
Let l = 70 + -23. Calculate the remainder when l is divided by 10.
7
Suppose 3*m + 2 = -1, 2*h - 58 = 2*m. Calculate the remainder when h is divided by 8.
4
Suppose 3*i + 14 = p + i, 5*i = 3*p - 42. Let z = 20 - p. Calculate the remainder when 8 is divided by z.
2
Let w = 5 + 66. What is the remainder when w is divided by 25?
21
Suppose -4*w = -3*x - 7*w - 6, 4*w - 16 = 0. Let u = 29 + x. Calculate the remainder when u is divided by 12.
11
Let r = 88 - 85. What is the remainder when r is divided by 1?
0
Let a = 48 - -14. Calculate the remainder when a is divided by 21.
20
Suppose 5*w = -4*s + 27, -w - 2 + 3 = 3*s. Suppose -3*r = -2*q - 43, w*r = 2*r + q + 67. Calculate the remainder when r is divided by 8.
5
Let o(y) = 4*y**2 - 4*y + 3. Let k be 1/(-2) - (-7)/2. Let l be o(k). Let f = l - 9. What is the remainder when f is divided by 10?
8
Suppose 3*j - 184 = 158. Calculate the remainder when j is divided by 13.
10
Let s = 18 - -36. What is the remainder when s is divided by 1 + 1 + 1 + 16?
16
Let f(k) be the third derivative of -k**5/60 + 5*k**4/12 + 2*k**3/3 - 2*k**2. Let u be f(8). Let a = u + -10. Calculate the remainder when a is divided by 4.
2
Let c(v) = 6*v - 15. Calculate the remainder when (5/10)/(1/160) is divided by c(7).
26
Let x(q) = q**3 + 8*q**2 - 11*q + 13. Let r(l) = -l - 11. Let p be r(-8). Let b = p - -14. What is the remainder when x(-9) is divided by b?
9
Let q = -4 - -102. What is the remainder when q is divided by 20?
18
Let d = 126 + -84. Suppose -2*f = -2*v + 7*v + 3, -4*f + 4*v = -64. What is the remainder when d is divided by f?
9
Let v(g) = g**2 - g + 2. Let b be v(6). Let m = 8 + b. Let w = m + -21. What is the remainder when w is divided by 10?
9
What is the remainder when 122 is divided by (-1155)/(-84) - 2/(-8)?
10
Suppose 12*w = 8*w + 52. Calculate the remainder when 37 is divided by w.
11
Let m = 8 - -9. Let l = -26 - -35. What is the remainder when m is divided by l?
8
Suppose -19 - 8 = -u + 3*o, 2*u - 4*o - 46 = 0. Calculate the remainder when u is divided by 6/(-5)*(-120)/18.
7
Let m = 2 - -1. Suppose 7*r = m*r + 100. Calculate the remainder when 73 is divided by r.
23
Let g = 31 - 21. Suppose -2*r + 3*l + 4 = 0, 0*l + 3*l + 8 = -2*r. Let y = r + g. What is the remainder when 16 is divided by y?
7
Let h(x) = x**3 + 6*x**2 - x + 5. Let y be ((-3)/6)/(1/12). Suppose -5*w + 5*u + 33 = -2, 0 = w + 3*u + 5. What is the remainder when h(y) is divided by w?
3
Let d(p) = -5*p. Let v = 4 - 10. What is the remainder when d(v) is divided by 16?
14
Let w = -50 + 89. What is the remainder when w is divided by 22?
17
Let f(k) = -7*k + 64. What is the remainder when f(-6) is divided by 23?
14
Suppose 0 = 2*l - 5*l - 33. Let j = l + 23. What is the remainder when 33 is divided by j?
9
Let k(c) = -c**3 + 6*c**2 - 4*c. Let d be k(4). Let x = 30 - d. What is the remainder when x is divided by 4?
2
Suppose -4*o + 184 = 28. Calculate the remainder when o is divided by 10.
9
Let u(c) = 2*c - 3 + 2 + 13*c**2 - 6*c + 6*c. Calculate the remainder when 40 is divided by u(1).
12
Let i be (-2 + 6)/4 - -4. Suppose -5*p + i = l - 16, -4*p + 12 = 0. What is the remainder when 27 is divided by l?
3
Suppose 3*i - 46 = -19. What is the remainder when 35 is divided by i?
8
Let f(h) = h**2 - 2*h - 9. Let p be f(7). Suppose 2*z + 2*a = 28, -a + p = z + 4*a. Let r(x) = -7*x - 4. Calculate the remainder when r(-5) is divided by z.
9
Suppose -5*z = -127 - 68. Suppose 30 = 3*s + 4*r, -s + 11 - 1 = 3*r. What is the remainder when z is divided by s?
9
Let t(h) = 24*h**2. Let w be t(1). Suppose w = 4*p - 2*g, 5*p - 53 - 3 = -4*g. What is the remainder when 15 is divided by p?
7
Let i(s) = s**3 + 6*s**2 + 6. Calculate the remainder when i(-5) is divided by 17.
14
Suppose -2*h = -y + 36, -2*y = y + 3*h - 99. Let q = -4 + 6. What is the remainder when y is divided by q/(-4) - 25/(-2)?
10
Suppose 5*o - 3*g = g + 190, 4*g - 188 = -4*o. What is the remainder when 123 is divided by o?
39
Let k(s) = 4*s + 9. Let z be k(9). Calculate the remainder when 6/z + (-433)/(-15) is divided by 8.
5
Suppose -3*p + 2*o + 0*o = -108, 3*p - 4*o = 114. Suppose 0 = -2*q + p - 8. What is the remainder when 24 is divided by q?
11
Let i(n) = -12*n**3 - n**2 + 1 - 2*n - 7*n**3 - 2. Calculate the remainder when 55 is divided by i(-1).
17
Suppose 12*k - 7*k = 35. Calculate the remainder when 12 is divided by k.
5
What is the remainder when (-56)/(-6)*450/175 is divided by 9?
6
Let q be (-4)/18 + (-144)/81. Let r = 2 - q. Calculate the remainder when 13 is divided by r.
1
Let x = 3 + -1. Let q be -27*(0 - x) + 0. Suppose 2*w + 0*w - 22 = -2*g, -4*w + q = -g. Calculate the remainder when 25 is divided by w.
12
Let m be (3/(-1))/(-5 + 4). Suppose -2*q - m*q = -15. Let k = 5 + q. Calculate the remainder when 23 is divided by k.
7
Let u = -8 + 12. What is the remainder when u is divided by 3?
1
Let g = -24 + 28. Calculate the remainder when g is divided by 3.
1
Let u = 226 - 139. What is the remainder when u is divided by 30?
27
Let s = 4 + -2. Suppose 0 = -2*x - s*w + 96, -3*x - 4*w - 34 + 175 = 0. What is the remainder when x is divided by 13?
12
Let x(z) = z**3 + 4*z**2 - 4*z + 3. What is the remainder when x(-4) is divided by 10?
9
Let d = -3 + 5. Suppose 2*r - 36 = d. What is the remainder when 55 is divided by r?
17
Let d(a) = -75*a. Let k = -1 + 0. Calculate the remainder when d(k) is divided by 19.
18
Let n = 11 - 11. Suppose n = 4*r - 11 - 5. What is the remainder when 11 is divided by r?
3
Let d = 16 + -11. Suppose 134 = 5*x - i, 1 + 31 = 2*x + d*i. What is the remainder when x is divided by 7?
5
Let y = 52 - 7. What is the remainder when 18 is divided by 10/y - 122/(-18)?
4
Suppose -45 = 21*u - 24*u. What is the remainder when 149 is divided by u?
14
Suppose 17 = 2*w - 35. Suppose k - 3*k = -w. Calculate the remainder when k is divided by 7/((-84)/8)*-12.
5
Suppose -f + 5*f + 4*i - 212 = 0, -5*i = 0. What is the remainder when f is divided by 14?
11
Suppose 0 = 2*j + 1 - 7, x = j. Calculate the remainder when 8 is divided by x.
2
Let o(i) be the first derivative of -i**3/3 + 7*i**2/2 - 5*i - 4. What is the remainder when 12 is divided by o(4)?
5
Let l(d) = -d - 9. Let t be l(-11). Suppose -2*j + 36 = t*j.